q + 2. Let b(y) = 7*n(y) - 4*z(y). Give b(1).
31
Let w(m) = 5*m + 5. Suppose 0 = 485*l - 480*l - 40. Suppose -20 = l*c - 4. What is w(c)?
-5
Suppose -4*d - 1 = -5*k + 13, d - 7 = -4*k. Let i(r) = 123*r. Let q be i(1). Let m(j) = 246*j**2 - q*j**2 - 116*j**k. Determine m(1).
7
Let f(j) = -9*j**3 + 3*j**2 - 184 + 349 - 2*j - 176. Let b(o) = -7*o**3 + 4*o**2 - o - 10. Let n(i) = -5*b(i) + 4*f(i). Calculate n(-7).
-22
Let i be (8 + -6)*((-119)/14 + -1). Let j(o) = o**3 + 18*o**2 - 17*o - 8. Calculate j(i).
-46
Let z be 195/63 + ((-8)/(-18))/(112/(-24)). Let y(i) = -i**3 + 4*i**2 - 2*i + 6. Determine y(z).
9
Let s(c) = -6*c**3 - 4*c**2 - 8*c + 3. Let o(m) = -m**3 - m**2 - m. Suppose -4*p + 171 = 23. Let j = p - 38. Let d(x) = j*s(x) + 5*o(x). What is d(2)?
7
Let o(n) = -6*n + 102. Let c = -27536 + 27552. Determine o(c).
6
Let h be (12 + 15)/(2/6). Let g be (-18)/h + (-195)/(-27). Let j(u) = u - g + 1 - 1. Determine j(7).
0
Let y(j) = 3*j - 3. Let s = 200 + -322. Let f = 125 + s. What is y(f)?
6
Suppose 0 = -33*c + 6*c. Suppose 41*n - 34*n - 21 = c. Let g(z) = -z**3 + 3*z**2 + 3*z - 3. Determine g(n).
6
Suppose 5*h - 2*b - b = 645, 0 = -3*h - 5*b + 387. Let v = -122 + h. Let k(z) = -z**2 + 5*z + 3. What is k(v)?
-11
Let i(y) = -y - 4*y + 6*y. Let x = -111 + 64. Let t = x + 42. What is i(t)?
-5
Let g(f) = -7*f - 68. Let l(z) = -6*z - 55. Let p(r) = -4*g(r) + 5*l(r). Suppose -48 = -4*v - 0*v. Suppose 3*y + s = -v, 5*y + 5*s - 5 + 15 = 0. Calculate p(y).
7
Let t(h) = -10*h - 93. Let k = -9170 - -9160. Give t(k).
7
Let p(i) be the third derivative of -4*i**4/3 + i**3/2 + 123*i**2 - 3*i. Determine p(-3).
99
Let c(i) = -3*i**2 + 2*i**3 + 2*i + 4 + 2*i**3 - 5*i**3. Let s = 6700 - 6703. Determine c(s).
-2
Let d(x) = -2*x**2 - 9*x - 11. Let h = 2210 + -2215. Calculate d(h).
-16
Let f(w) = 32*w + 404. Let o be f(-36). Let c = o + 748. Let a(d) = 4*d - 6. Let q(i) = -3*i + 6. Let l(u) = -2*a(u) - 3*q(u). What is l(c)?
-6
Let n(s) = -4 + 3*s + 0*s**2 - s**2 + 2*s**2. Let x be n(-3). Let v(m) = 229*m - 923*m + 2*m**3 + 228*m - 3*m**3 - 5*m**2 + 230*m + 231*m. Calculate v(x).
4
Let f(j) be the second derivative of 11*j**5/20 - j**2/2 + 265*j + 1. Suppose 9 = s + 37. Let z = -29 - s. What is f(z)?
-12
Let q(m) = m**3 + m + 2. Let l(y) = 5*y**3 + 9*y**2 + 16*y + 19. Let s = 12 + -11. Let z(t) = s*l(t) - 4*q(t). What is z(-8)?
-21
Let j be 7 - (-1 + (-7)/(-2))/((-24)/(-48)). Let h(g) = g. Let y(p) = 5*p**2 - 7*p + 1. Let m(x) = -14*h(x) - 2*y(x). What is m(j)?
-42
Let v(m) = -m**3 + 4*m**2 - 4*m. Suppose -2*w - 1 = 51. Let r be 18/(-117) - (-22)/w. Let t be r + 5 + -9 + 8. Calculate v(t).
-3
Let h(y) = y**3 - 9*y**2 + 15 - 7*y + 16*y - 10*y - 5*y - 7*y. What is h(10)?
-15
Let y = -462 + 486. Suppose -2*h + y*h = -110. Let u(r) = r**2 + 3*r. What is u(h)?
10
Let s(z) = z**2 - 8*z - 7. Let n(v) = 53*v - 185. Let k be n(4). Let q be ((-572)/91 - -6)*(-1 - k). Give s(q).
-7
Let c be (-9)/27 - (-52)/12. Let k(p) = c*p + 4*p - 9*p. Let l(m) = -3*m**2 + 5*m - 3. Let h be l(2). Calculate k(h).
5
Let d(l) = l**2 + 5*l + 1. Let q = -1537 - -1020. Let h = -523 - q. Calculate d(h).
7
Let p(v) be the second derivative of v**4/12 + 2*v**3/3 + 47*v**2/2 - 2*v + 10. Let x(h) be the first derivative of p(h). What is x(-6)?
-8
Let n(k) = 2*k**2 + k - 1. Suppose 71*x + 19*x - 2217 = 2283. Let s(j) = -12*j + 5. Let b be s(-4). Let g = b - x. Determine n(g).
20
Let c be (18/(-12))/(4 + 17/(-4)). Let o(r) = -r**2 + c*r**2 + 0*r - 4*r - 3*r**2 - 113 + 117. Calculate o(4).
20
Suppose 4*o = 23 - 11, -4*o + 8 = q. Let i(w) = -w**3 - 5*w**2 - w - 9. What is i(q)?
-21
Let v(p) = -3*p. Let y(t) = 7*t - 2. Let h(j) = 4*v(j) + 2*y(j). Let r(q) = 3*q - 5. Let g(a) = 7*h(a) - 5*r(a). Calculate g(-7).
4
Suppose -43*i - 1440 = -53*i. Let b(v) = 10 - 8*v - 5*v**2 + i*v**3 - 78*v**3 - 65*v**3. Give b(6).
-2
Let j = -166 - -168. Suppose v + 4*d = 7 + 10, 0 = -j*v - 3*d + 9. Let g(c) = -2*c - 10. What is g(v)?
-4
Let q(w) = -2*w + 18. Let f(y) = 14*y**2 + 109*y + 15. Let x be f(-8). Suppose -t = 2*t - x. Give q(t).
-8
Let b(k) = -k - 1 + 0 + 2*k**2 - 5*k + 2*k. Let f = -118 - -124. Let g be ((-52)/78)/((-1)/f). What is b(g)?
15
Let v(k) be the second derivative of 0 - 5*k**2 - 1/12*k**4 + 11/6*k**3 + 174*k. Calculate v(7).
18
Let j(p) = -2043 - 2184 + 5693 - 2308 - 39*p - 38*p. Give j(-11).
5
Let s(t) be the second derivative of 19*t**2 + 0 - 31*t - 1/24*t**4 + 1/2*t**3. Let c(d) be the first derivative of s(d). Determine c(-6).
9
Let i(p) = 1605 - 722 + 87*p - 18. Calculate i(-10).
-5
Let v = 387 + -384. Let q(s) = 3*s**3 - 6*s**3 + 14*s**2 + 2*s**3 + 2*s**v - 10*s**2. Let u(r) = r - 4. Let b be u(0). Give q(b).
0
Let d(y) = -29*y + 86*y - 20*y - 11*y**2 - 13*y**2 - 32*y. What is d(2)?
-86
Let s = -11 + 18. Let i(m) = -s - 8*m - m**2 + 1 + 14*m. Suppose -53 = -5*b - 5*o - 8, o - 21 = -3*b. Determine i(b).
-6
Let o(i) = i**3 + i**2 + 1. Let b(d) = -3*d**3 - 5*d**2 - d - 3. Let t(u) = b(u) + 4*o(u). Let k(z) = -4*z**2 - 65*z - 15. Let x be k(-16). Determine t(x).
0
Let v = -148 + 150. Suppose -23 - 2 = -v*k - 5*o, 3*o - 3 = 0. Let u(q) = -3*q**2 + 7*q + 4*q + 0*q**2 - 11 + 2*q**2. Give u(k).
-1
Let v(q) = -q - 6. Let u(z) = -2*z - 11. Let y be -33*(-1)/(-3)*1. Let s(j) = y*v(j) + 6*u(j). Calculate s(7).
-7
Let t(v) = 173*v**2 - 21*v + 42. Let l be t(2). Let n = l - 685. Let h(j) = j**3 - 8*j**2 + 3*j + 4. Give h(n).
-24
Let u = 8 - 28. Let p = 13 + u. Let j(k) = 3*k**2 + 25*k**2 - 27*k**2 + 9*k + 10. Give j(p).
-4
Let y(k) = -7 - 7*k + 3 - k**2 + 4*k**2 + 0*k**2 - 2*k**2. Give y(6).
-10
Let n(t) = 12*t**2 - 23*t - 5. Let d(s) = 71*s**2 - 134*s - 33. Let c(u) = -2*d(u) + 13*n(u). Calculate c(2).
-5
Let o(d) be the second derivative of -36*d - 2 - 1/2*d**2 + 1/3*d**4 - 1/2*d**3. Calculate o(3).
26
Let y(n) be the third derivative of -n**5/15 - n**4/24 - 3*n**2. Let o be 411/6*1*-2. Let j = -139 - o. What is y(j)?
-14
Let f be 2 + 9/3*1 - 3. Let p(w) = 0 + 0 + 4 + 14*w**f - 5 + 2*w. Determine p(1).
15
Let g(m) = m**2 - 10*m + 3. Let s be g(8). Let u(d) = -2*d**2 - 25*d + 15. Let j be u(s). Let k(w) = 7 + 3*w**3 - w**3 + 5*w**2 - j*w**3 + w**3. What is k(-5)?
7
Let c be 7/28 + -1 + 38/8. Suppose c = 10*q - 16. Let j(y) = -2*y**2 - y**q - 25*y + 1 - 6 + 32*y. Determine j(4).
-25
Suppose 108*h = 109*h + 6. Let b(f) = 3*f + 14. Give b(h).
-4
Let f(s) = 30*s + 11. Let w(v) = -10*v - 4. Let z(t) = 20*t + 8. Let y(h) = -7*w(h) - 3*z(h). Let i(g) = 3*f(g) - 8*y(g). Calculate i(-2).
-19
Let t(w) be the third derivative of -w**4/6 + 5*w**3/3 + 2*w**2. Let b = -13908 - -13916. Calculate t(b).
-22
Let k(o) = 3 - 5 - 3*o + 233*o**2 - 117*o**2 - 104*o**2 + 4*o. Determine k(-3).
103
Let x(h) = -6*h - 9. Let c(p) = 5*p + 9. Let k(b) = 5*c(b) + 4*x(b). Let v be (-22)/1*12*23/552. Determine k(v).
-2
Let a be ((-6)/3 + -3 + 4)*5. Let m(q) be the first derivative of q**4/4 + q**3 - 3*q**2 + 3*q - 943. Determine m(a).
-17
Let h(m) = -17*m**2 - m + 25. Let v be (11/22)/((-10)/40). Let x(c) = 4*c**2 - 6. Let s(f) = v*h(f) - 9*x(f). Suppose -5*w + 8 = -7. Give s(w).
-8
Let i(a) = 18*a**2 - a. Suppose 2*q + 2*q + x = 20, 4*x = -5*q + 36. Suppose -q*s + 18 = 2*w, -24*w - 2*s = -29*w - 3. Calculate i(w).
17
Let s(u) = -u**3 - 2*u**2 - u + 1. Let g be s(-2). Let y(q) = -2*q**2 - q**2 + 5*q - g + 4*q**2 + 0*q**2. Let i = -11 - -6. Calculate y(i).
-3
Let d(f) = -2*f + 1. Let n = -284 - -624. Let w be n/30*(-6)/(-4). Suppose -q - w = 2*q + x, 5*x = 3*q + 41. Give d(q).
15
Let l(p) = 6*p + 5. Let z(g) = 4*g**2 - 8*g - 29. Let s be z(-4). Suppose -23*b - s = 71. Calculate l(b).
-31
Let v(a) = 2 - 14 - 3*a + 11 - 14. Let w = -39 + 28. What is v(w)?
18
Let n(s) be the third derivative of -3/2*s**3 - 3/10*s**5 + 0*s + 1/120*s**6 + 17/24*s**4 - 163 - s**2. Determine n(17).
-9
Let x(l) be the second derivative of -l**5/20 - 11*l**4/12 - l**3 + 20*l**2 + l - 1844. What is x(-10)?
0
Suppose 6*k - 22 = 20. Let g(v) = -v**2 + v + 1. Calculate g(k).
-41
Let n be ((-24)/16)/(-3)*(4 + -10). Let l(q) = 6*q**2 + 6*q + 7. Give l(n).
43
Let z(l) = 15*l**3 + l - 2. Let d be z(1). Suppose d*n - 4 + 32 = 0. Let g(i) = 10*i + 2. What is g(n)?
-18
Let f(z) = 10*z**3 + 68*z**2 - 20*z + 65. Let t(d) = 3*d**3 + 22*d**2 - 6*d + 22. Let y(c) = -2*f(c) + 7*t(c).